{"id":2690,"date":"2022-01-31T17:18:17","date_gmt":"2022-01-31T17:18:17","guid":{"rendered":"https:\/\/hgec.pt\/site\/?page_id=2690"},"modified":"2022-02-03T16:48:11","modified_gmt":"2022-02-03T16:48:11","slug":"obras-renovacao","status":"publish","type":"page","link":"https:\/\/hgec.pt\/site\/obras-renovacao\/","title":{"rendered":"Portef\u00f3lio &#8211; Renova\u00e7\u00e3o"},"content":{"rendered":"\n<figure class=\"wp-block-gallery has-nested-images columns-default is-cropped wp-block-gallery-1 is-layout-flex wp-block-gallery-is-layout-flex\">\n<figure class=\"wp-block-image size-large\"><a href=\"https:\/\/hgec.pt\/site\/obras\/gaia\/\"><img loading=\"lazy\" decoding=\"async\" width=\"1920\" height=\"1440\" data-id=\"2537\" src=\"https:\/\/hgec.pt\/site\/wp-content\/uploads\/2022\/01\/05-GAIA-3D.jpg\" alt=\"\" class=\"wp-image-2537\" srcset=\"https:\/\/hgec.pt\/site\/wp-content\/uploads\/2022\/01\/05-GAIA-3D.jpg 1920w, https:\/\/hgec.pt\/site\/wp-content\/uploads\/2022\/01\/05-GAIA-3D-300x225.jpg 300w, https:\/\/hgec.pt\/site\/wp-content\/uploads\/2022\/01\/05-GAIA-3D-1024x768.jpg 1024w, https:\/\/hgec.pt\/site\/wp-content\/uploads\/2022\/01\/05-GAIA-3D-768x576.jpg 768w, https:\/\/hgec.pt\/site\/wp-content\/uploads\/2022\/01\/05-GAIA-3D-1536x1152.jpg 1536w, https:\/\/hgec.pt\/site\/wp-content\/uploads\/2022\/01\/05-GAIA-3D-600x450.jpg 600w\" sizes=\"auto, (max-width: 1920px) 100vw, 1920px\" \/><\/a><figcaption>Gulpilhares, Vila Nova de Gaia<\/figcaption><\/figure>\n\n\n\n<figure class=\"wp-block-image size-large\"><a href=\"https:\/\/hgec.pt\/site\/obras\/mouzinho\/\"><img loading=\"lazy\" decoding=\"async\" width=\"960\" height=\"720\" data-id=\"2543\" src=\"https:\/\/hgec.pt\/site\/wp-content\/uploads\/2019\/04\/002-MOZ-COZINHA.jpg\" alt=\"\" class=\"wp-image-2543\" srcset=\"https:\/\/hgec.pt\/site\/wp-content\/uploads\/2019\/04\/002-MOZ-COZINHA.jpg 960w, https:\/\/hgec.pt\/site\/wp-content\/uploads\/2019\/04\/002-MOZ-COZINHA-300x225.jpg 300w, https:\/\/hgec.pt\/site\/wp-content\/uploads\/2019\/04\/002-MOZ-COZINHA-768x576.jpg 768w, https:\/\/hgec.pt\/site\/wp-content\/uploads\/2019\/04\/002-MOZ-COZINHA-600x450.jpg 600w\" sizes=\"auto, (max-width: 960px) 100vw, 960px\" \/><\/a><figcaption>Avenida Mouzinho, P\u00f3voa de Varzim<\/figcaption><\/figure>\n\n\n\n<figure class=\"wp-block-image size-large\"><a href=\"https:\/\/hgec.pt\/site\/obras\/labruge\/\"><img loading=\"lazy\" decoding=\"async\" width=\"1046\" height=\"1104\" data-id=\"2552\" src=\"https:\/\/hgec.pt\/site\/wp-content\/uploads\/2018\/06\/002-LAB-WC-1.png\" alt=\"\" class=\"wp-image-2552\" srcset=\"https:\/\/hgec.pt\/site\/wp-content\/uploads\/2018\/06\/002-LAB-WC-1.png 1046w, https:\/\/hgec.pt\/site\/wp-content\/uploads\/2018\/06\/002-LAB-WC-1-284x300.png 284w, https:\/\/hgec.pt\/site\/wp-content\/uploads\/2018\/06\/002-LAB-WC-1-970x1024.png 970w, https:\/\/hgec.pt\/site\/wp-content\/uploads\/2018\/06\/002-LAB-WC-1-768x811.png 768w, https:\/\/hgec.pt\/site\/wp-content\/uploads\/2018\/06\/002-LAB-WC-1-600x633.png 600w\" sizes=\"auto, (max-width: 1046px) 100vw, 1046px\" \/><\/a><figcaption>Labruge, Vila do Conde<\/figcaption><\/figure>\n<\/figure>\n\n\n\n<p><\/p>\n","protected":false},"excerpt":{"rendered":"","protected":false},"author":1,"featured_media":0,"parent":0,"menu_order":0,"comment_status":"closed","ping_status":"closed","template":"","meta":{"footnotes":""},"class_list":["post-2690","page","type-page","status-publish","hentry"],"_links":{"self":[{"href":"https:\/\/hgec.pt\/site\/wp-json\/wp\/v2\/pages\/2690","targetHints":{"allow":["GET"]}}],"collection":[{"href":"https:\/\/hgec.pt\/site\/wp-json\/wp\/v2\/pages"}],"about":[{"href":"https:\/\/hgec.pt\/site\/wp-json\/wp\/v2\/types\/page"}],"author":[{"embeddable":true,"href":"https:\/\/hgec.pt\/site\/wp-json\/wp\/v2\/users\/1"}],"replies":[{"embeddable":true,"href":"https:\/\/hgec.pt\/site\/wp-json\/wp\/v2\/comments?post=2690"}],"version-history":[{"count":6,"href":"https:\/\/hgec.pt\/site\/wp-json\/wp\/v2\/pages\/2690\/revisions"}],"predecessor-version":[{"id":2892,"href":"https:\/\/hgec.pt\/site\/wp-json\/wp\/v2\/pages\/2690\/revisions\/2892"}],"wp:attachment":[{"href":"https:\/\/hgec.pt\/site\/wp-json\/wp\/v2\/media?parent=2690"}],"curies":[{"name":"wp","href":"https:\/\/api.w.org\/{rel}","templated":true}]}}

Portefólio &#8211; Renovação

<figure class="wp-block-gallery has-nested-images columns-default is-cropped wp-block-gallery-1 is-layout-flex wp-block-gallery-is-layout-flex">
<figure class="wp-block-image size-large"><a href="https://hgec.pt/site/obras/gaia/"><img loading="lazy" decoding="async" width="1920" height="1440" data-id="2537" src="https://hgec.pt/site/wp-content/uploads/2022/01/05-GAIA-3D.jpg" alt="" class="wp-image-2537" srcset="https://hgec.pt/site/wp-content/uploads/2022/01/05-GAIA-3D.jpg 1920w, https://hgec.pt/site/wp-content/uploads/2022/01/05-GAIA-3D-300x225.jpg 300w, https://hgec.pt/site/wp-content/uploads/2022/01/05-GAIA-3D-1024x768.jpg 1024w, https://hgec.pt/site/wp-content/uploads/2022/01/05-GAIA-3D-768x576.jpg 768w, https://hgec.pt/site/wp-content/uploads/2022/01/05-GAIA-3D-1536x1152.jpg 1536w, https://hgec.pt/site/wp-content/uploads/2022/01/05-GAIA-3D-600x450.jpg 600w" sizes="auto, (max-width: 1920px) 100vw, 1920px" /></a><figcaption>Gulpilhares, Vila Nova de Gaia</figcaption></figure>



<figure class="wp-block-image size-large"><a href="https://hgec.pt/site/obras/mouzinho/"><img loading="lazy" decoding="async" width="960" height="720" data-id="2543" src="https://hgec.pt/site/wp-content/uploads/2019/04/002-MOZ-COZINHA.jpg" alt="" class="wp-image-2543" srcset="https://hgec.pt/site/wp-content/uploads/2019/04/002-MOZ-COZINHA.jpg 960w, https://hgec.pt/site/wp-content/uploads/2019/04/002-MOZ-COZINHA-300x225.jpg 300w, https://hgec.pt/site/wp-content/uploads/2019/04/002-MOZ-COZINHA-768x576.jpg 768w, https://hgec.pt/site/wp-content/uploads/2019/04/002-MOZ-COZINHA-600x450.jpg 600w" sizes="auto, (max-width: 960px) 100vw, 960px" /></a><figcaption>Avenida Mouzinho, Póvoa de Varzim</figcaption></figure>



<figure class="wp-block-image size-large"><a href="https://hgec.pt/site/obras/labruge/"><img loading="lazy" decoding="async" width="1046" height="1104" data-id="2552" src="https://hgec.pt/site/wp-content/uploads/2018/06/002-LAB-WC-1.png" alt="" class="wp-image-2552" srcset="https://hgec.pt/site/wp-content/uploads/2018/06/002-LAB-WC-1.png 1046w, https://hgec.pt/site/wp-content/uploads/2018/06/002-LAB-WC-1-284x300.png 284w, https://hgec.pt/site/wp-content/uploads/2018/06/002-LAB-WC-1-970x1024.png 970w, https://hgec.pt/site/wp-content/uploads/2018/06/002-LAB-WC-1-768x811.png 768w, https://hgec.pt/site/wp-content/uploads/2018/06/002-LAB-WC-1-600x633.png 600w" sizes="auto, (max-width: 1046px) 100vw, 1046px" /></a><figcaption>Labruge, Vila do Conde</figcaption></figure>
</figure>



<p></p>
