{"id":2675,"date":"2022-01-31T16:55:02","date_gmt":"2022-01-31T16:55:02","guid":{"rendered":"https:\/\/hgec.pt\/site\/?page_id=2675"},"modified":"2022-02-03T16:47:01","modified_gmt":"2022-02-03T16:47:01","slug":"obras-remodelacao","status":"publish","type":"page","link":"https:\/\/hgec.pt\/site\/obras-remodelacao\/","title":{"rendered":"Portef\u00f3lio &#8211; Remodela\u00e7\u00e3o"},"content":{"rendered":"\n<figure class=\"wp-block-gallery has-nested-images columns-default is-cropped wp-block-gallery-1 is-layout-flex wp-block-gallery-is-layout-flex\">\n<figure class=\"wp-block-image size-large\"><a href=\"https:\/\/hgec.pt\/site\/obras\/oasis\/\"><img loading=\"lazy\" decoding=\"async\" width=\"900\" height=\"900\" data-id=\"2510\" src=\"https:\/\/hgec.pt\/site\/wp-content\/uploads\/2019\/08\/005-OAS-EXTERIOR.jpg\" alt=\"\" class=\"wp-image-2510\" srcset=\"https:\/\/hgec.pt\/site\/wp-content\/uploads\/2019\/08\/005-OAS-EXTERIOR.jpg 900w, https:\/\/hgec.pt\/site\/wp-content\/uploads\/2019\/08\/005-OAS-EXTERIOR-300x300.jpg 300w, https:\/\/hgec.pt\/site\/wp-content\/uploads\/2019\/08\/005-OAS-EXTERIOR-150x150.jpg 150w, https:\/\/hgec.pt\/site\/wp-content\/uploads\/2019\/08\/005-OAS-EXTERIOR-768x768.jpg 768w, https:\/\/hgec.pt\/site\/wp-content\/uploads\/2019\/08\/005-OAS-EXTERIOR-230x230.jpg 230w, https:\/\/hgec.pt\/site\/wp-content\/uploads\/2019\/08\/005-OAS-EXTERIOR-400x400.jpg 400w, https:\/\/hgec.pt\/site\/wp-content\/uploads\/2019\/08\/005-OAS-EXTERIOR-600x600.jpg 600w, https:\/\/hgec.pt\/site\/wp-content\/uploads\/2019\/08\/005-OAS-EXTERIOR-640x640.jpg 640w, https:\/\/hgec.pt\/site\/wp-content\/uploads\/2019\/08\/005-OAS-EXTERIOR-370x370.jpg 370w\" sizes=\"auto, (max-width: 900px) 100vw, 900px\" \/><\/a><figcaption>Rua do O\u00e1sis, Mindelo, Porto<\/figcaption><\/figure>\n\n\n\n<figure class=\"wp-block-image size-large\"><a href=\"https:\/\/hgec.pt\/site\/obras\/jornal-de-noticias\/\"><img loading=\"lazy\" decoding=\"async\" width=\"2382\" height=\"1588\" data-id=\"2520\" src=\"https:\/\/hgec.pt\/site\/wp-content\/uploads\/2018\/01\/001-ALD-SALA-1.png\" alt=\"\" class=\"wp-image-2520\" srcset=\"https:\/\/hgec.pt\/site\/wp-content\/uploads\/2018\/01\/001-ALD-SALA-1.png 2382w, https:\/\/hgec.pt\/site\/wp-content\/uploads\/2018\/01\/001-ALD-SALA-1-300x200.png 300w, https:\/\/hgec.pt\/site\/wp-content\/uploads\/2018\/01\/001-ALD-SALA-1-1024x683.png 1024w, https:\/\/hgec.pt\/site\/wp-content\/uploads\/2018\/01\/001-ALD-SALA-1-768x512.png 768w, https:\/\/hgec.pt\/site\/wp-content\/uploads\/2018\/01\/001-ALD-SALA-1-1536x1024.png 1536w, https:\/\/hgec.pt\/site\/wp-content\/uploads\/2018\/01\/001-ALD-SALA-1-2048x1365.png 2048w, https:\/\/hgec.pt\/site\/wp-content\/uploads\/2018\/01\/001-ALD-SALA-1-600x400.png 600w\" sizes=\"auto, (max-width: 2382px) 100vw, 2382px\" \/><\/a><figcaption>Rua do Jornal de Not\u00edcias, Aldoar Porto, Vila do Conde<\/figcaption><\/figure>\n\n\n\n<figure class=\"wp-block-image size-large\"><a href=\"https:\/\/hgec.pt\/site\/obras\/praca-joao-23\/\"><img loading=\"lazy\" decoding=\"async\" width=\"900\" height=\"900\" data-id=\"2532\" src=\"https:\/\/hgec.pt\/site\/wp-content\/uploads\/2022\/01\/004-DUP-WC.jpg\" alt=\"\" class=\"wp-image-2532\" srcset=\"https:\/\/hgec.pt\/site\/wp-content\/uploads\/2022\/01\/004-DUP-WC.jpg 900w, https:\/\/hgec.pt\/site\/wp-content\/uploads\/2022\/01\/004-DUP-WC-300x300.jpg 300w, https:\/\/hgec.pt\/site\/wp-content\/uploads\/2022\/01\/004-DUP-WC-150x150.jpg 150w, https:\/\/hgec.pt\/site\/wp-content\/uploads\/2022\/01\/004-DUP-WC-768x768.jpg 768w, https:\/\/hgec.pt\/site\/wp-content\/uploads\/2022\/01\/004-DUP-WC-230x230.jpg 230w, https:\/\/hgec.pt\/site\/wp-content\/uploads\/2022\/01\/004-DUP-WC-400x400.jpg 400w, https:\/\/hgec.pt\/site\/wp-content\/uploads\/2022\/01\/004-DUP-WC-600x600.jpg 600w, https:\/\/hgec.pt\/site\/wp-content\/uploads\/2022\/01\/004-DUP-WC-640x640.jpg 640w, https:\/\/hgec.pt\/site\/wp-content\/uploads\/2022\/01\/004-DUP-WC-370x370.jpg 370w\" sizes=\"auto, (max-width: 900px) 100vw, 900px\" \/><\/a><figcaption>Pra\u00e7a Jo\u00e3o XXIII, P\u00f3voa de Varzim<\/figcaption><\/figure>\n<\/figure>\n\n\n\n<p><\/p>\n","protected":false},"excerpt":{"rendered":"","protected":false},"author":1,"featured_media":0,"parent":0,"menu_order":0,"comment_status":"closed","ping_status":"closed","template":"","meta":{"footnotes":""},"class_list":["post-2675","page","type-page","status-publish","hentry"],"_links":{"self":[{"href":"https:\/\/hgec.pt\/site\/wp-json\/wp\/v2\/pages\/2675","targetHints":{"allow":["GET"]}}],"collection":[{"href":"https:\/\/hgec.pt\/site\/wp-json\/wp\/v2\/pages"}],"about":[{"href":"https:\/\/hgec.pt\/site\/wp-json\/wp\/v2\/types\/page"}],"author":[{"embeddable":true,"href":"https:\/\/hgec.pt\/site\/wp-json\/wp\/v2\/users\/1"}],"replies":[{"embeddable":true,"href":"https:\/\/hgec.pt\/site\/wp-json\/wp\/v2\/comments?post=2675"}],"version-history":[{"count":6,"href":"https:\/\/hgec.pt\/site\/wp-json\/wp\/v2\/pages\/2675\/revisions"}],"predecessor-version":[{"id":2891,"href":"https:\/\/hgec.pt\/site\/wp-json\/wp\/v2\/pages\/2675\/revisions\/2891"}],"wp:attachment":[{"href":"https:\/\/hgec.pt\/site\/wp-json\/wp\/v2\/media?parent=2675"}],"curies":[{"name":"wp","href":"https:\/\/api.w.org\/{rel}","templated":true}]}}

Portefólio &#8211; Remodelação

<figure class="wp-block-gallery has-nested-images columns-default is-cropped wp-block-gallery-1 is-layout-flex wp-block-gallery-is-layout-flex">
<figure class="wp-block-image size-large"><a href="https://hgec.pt/site/obras/oasis/"><img loading="lazy" decoding="async" width="900" height="900" data-id="2510" src="https://hgec.pt/site/wp-content/uploads/2019/08/005-OAS-EXTERIOR.jpg" alt="" class="wp-image-2510" srcset="https://hgec.pt/site/wp-content/uploads/2019/08/005-OAS-EXTERIOR.jpg 900w, https://hgec.pt/site/wp-content/uploads/2019/08/005-OAS-EXTERIOR-300x300.jpg 300w, https://hgec.pt/site/wp-content/uploads/2019/08/005-OAS-EXTERIOR-150x150.jpg 150w, https://hgec.pt/site/wp-content/uploads/2019/08/005-OAS-EXTERIOR-768x768.jpg 768w, https://hgec.pt/site/wp-content/uploads/2019/08/005-OAS-EXTERIOR-230x230.jpg 230w, https://hgec.pt/site/wp-content/uploads/2019/08/005-OAS-EXTERIOR-400x400.jpg 400w, https://hgec.pt/site/wp-content/uploads/2019/08/005-OAS-EXTERIOR-600x600.jpg 600w, https://hgec.pt/site/wp-content/uploads/2019/08/005-OAS-EXTERIOR-640x640.jpg 640w, https://hgec.pt/site/wp-content/uploads/2019/08/005-OAS-EXTERIOR-370x370.jpg 370w" sizes="auto, (max-width: 900px) 100vw, 900px" /></a><figcaption>Rua do Oásis, Mindelo, Porto</figcaption></figure>



<figure class="wp-block-image size-large"><a href="https://hgec.pt/site/obras/jornal-de-noticias/"><img loading="lazy" decoding="async" width="2382" height="1588" data-id="2520" src="https://hgec.pt/site/wp-content/uploads/2018/01/001-ALD-SALA-1.png" alt="" class="wp-image-2520" srcset="https://hgec.pt/site/wp-content/uploads/2018/01/001-ALD-SALA-1.png 2382w, https://hgec.pt/site/wp-content/uploads/2018/01/001-ALD-SALA-1-300x200.png 300w, https://hgec.pt/site/wp-content/uploads/2018/01/001-ALD-SALA-1-1024x683.png 1024w, https://hgec.pt/site/wp-content/uploads/2018/01/001-ALD-SALA-1-768x512.png 768w, https://hgec.pt/site/wp-content/uploads/2018/01/001-ALD-SALA-1-1536x1024.png 1536w, https://hgec.pt/site/wp-content/uploads/2018/01/001-ALD-SALA-1-2048x1365.png 2048w, https://hgec.pt/site/wp-content/uploads/2018/01/001-ALD-SALA-1-600x400.png 600w" sizes="auto, (max-width: 2382px) 100vw, 2382px" /></a><figcaption>Rua do Jornal de Notícias, Aldoar Porto, Vila do Conde</figcaption></figure>



<figure class="wp-block-image size-large"><a href="https://hgec.pt/site/obras/praca-joao-23/"><img loading="lazy" decoding="async" width="900" height="900" data-id="2532" src="https://hgec.pt/site/wp-content/uploads/2022/01/004-DUP-WC.jpg" alt="" class="wp-image-2532" srcset="https://hgec.pt/site/wp-content/uploads/2022/01/004-DUP-WC.jpg 900w, https://hgec.pt/site/wp-content/uploads/2022/01/004-DUP-WC-300x300.jpg 300w, https://hgec.pt/site/wp-content/uploads/2022/01/004-DUP-WC-150x150.jpg 150w, https://hgec.pt/site/wp-content/uploads/2022/01/004-DUP-WC-768x768.jpg 768w, https://hgec.pt/site/wp-content/uploads/2022/01/004-DUP-WC-230x230.jpg 230w, https://hgec.pt/site/wp-content/uploads/2022/01/004-DUP-WC-400x400.jpg 400w, https://hgec.pt/site/wp-content/uploads/2022/01/004-DUP-WC-600x600.jpg 600w, https://hgec.pt/site/wp-content/uploads/2022/01/004-DUP-WC-640x640.jpg 640w, https://hgec.pt/site/wp-content/uploads/2022/01/004-DUP-WC-370x370.jpg 370w" sizes="auto, (max-width: 900px) 100vw, 900px" /></a><figcaption>Praça João XXIII, Póvoa de Varzim</figcaption></figure>
</figure>



<p></p>
