{"id":2656,"date":"2022-01-31T16:12:19","date_gmt":"2022-01-31T16:12:19","guid":{"rendered":"https:\/\/hgec.pt\/site\/?page_id=2656"},"modified":"2022-02-03T16:19:02","modified_gmt":"2022-02-03T16:19:02","slug":"obras-construcao","status":"publish","type":"page","link":"https:\/\/hgec.pt\/site\/obras-construcao\/","title":{"rendered":"Portef\u00f3lio &#8211; Constru\u00e7\u00e3o"},"content":{"rendered":"\n<figure class=\"wp-block-gallery has-nested-images columns-default is-cropped wp-block-gallery-1 is-layout-flex wp-block-gallery-is-layout-flex\">\n<figure class=\"wp-block-image size-large\"><a href=\"https:\/\/hgec.pt\/site\/obras\/rua-salvada\/\"><img loading=\"lazy\" decoding=\"async\" width=\"772\" height=\"868\" data-id=\"2476\" src=\"https:\/\/hgec.pt\/site\/wp-content\/uploads\/2022\/01\/001-SALV-EXTERIOR-1.jpg\" alt=\"\" class=\"wp-image-2476\" srcset=\"https:\/\/hgec.pt\/site\/wp-content\/uploads\/2022\/01\/001-SALV-EXTERIOR-1.jpg 772w, https:\/\/hgec.pt\/site\/wp-content\/uploads\/2022\/01\/001-SALV-EXTERIOR-1-267x300.jpg 267w, https:\/\/hgec.pt\/site\/wp-content\/uploads\/2022\/01\/001-SALV-EXTERIOR-1-768x864.jpg 768w, https:\/\/hgec.pt\/site\/wp-content\/uploads\/2022\/01\/001-SALV-EXTERIOR-1-600x675.jpg 600w\" sizes=\"auto, (max-width: 772px) 100vw, 772px\" \/><\/a><figcaption>Rua da Salvada, Aver-o-Mar, P\u00f3voa de Varzim<\/figcaption><\/figure>\n\n\n\n<figure class=\"wp-block-image size-large\"><a href=\"https:\/\/hgec.pt\/site\/obras\/andorinhas\/\"><img loading=\"lazy\" decoding=\"async\" width=\"900\" height=\"900\" data-id=\"2490\" src=\"https:\/\/hgec.pt\/site\/wp-content\/uploads\/2022\/01\/005-ANDO-EXTERIOR.jpg\" alt=\"\" class=\"wp-image-2490\" srcset=\"https:\/\/hgec.pt\/site\/wp-content\/uploads\/2022\/01\/005-ANDO-EXTERIOR.jpg 900w, https:\/\/hgec.pt\/site\/wp-content\/uploads\/2022\/01\/005-ANDO-EXTERIOR-300x300.jpg 300w, https:\/\/hgec.pt\/site\/wp-content\/uploads\/2022\/01\/005-ANDO-EXTERIOR-150x150.jpg 150w, https:\/\/hgec.pt\/site\/wp-content\/uploads\/2022\/01\/005-ANDO-EXTERIOR-768x768.jpg 768w, https:\/\/hgec.pt\/site\/wp-content\/uploads\/2022\/01\/005-ANDO-EXTERIOR-230x230.jpg 230w, https:\/\/hgec.pt\/site\/wp-content\/uploads\/2022\/01\/005-ANDO-EXTERIOR-400x400.jpg 400w, https:\/\/hgec.pt\/site\/wp-content\/uploads\/2022\/01\/005-ANDO-EXTERIOR-600x600.jpg 600w, https:\/\/hgec.pt\/site\/wp-content\/uploads\/2022\/01\/005-ANDO-EXTERIOR-640x640.jpg 640w, https:\/\/hgec.pt\/site\/wp-content\/uploads\/2022\/01\/005-ANDO-EXTERIOR-370x370.jpg 370w\" sizes=\"auto, (max-width: 900px) 100vw, 900px\" \/><\/a><figcaption>Rua das Andorinhas, Ramalde, Porto<\/figcaption><\/figure>\n\n\n\n<figure class=\"wp-block-image size-large\"><a href=\"https:\/\/hgec.pt\/site\/obras\/bruxelas\/\"><img loading=\"lazy\" decoding=\"async\" width=\"824\" height=\"900\" data-id=\"2495\" src=\"https:\/\/hgec.pt\/site\/wp-content\/uploads\/2020\/07\/001-BRX-EXTERIOR.jpg\" alt=\"\" class=\"wp-image-2495\" srcset=\"https:\/\/hgec.pt\/site\/wp-content\/uploads\/2020\/07\/001-BRX-EXTERIOR.jpg 824w, https:\/\/hgec.pt\/site\/wp-content\/uploads\/2020\/07\/001-BRX-EXTERIOR-275x300.jpg 275w, https:\/\/hgec.pt\/site\/wp-content\/uploads\/2020\/07\/001-BRX-EXTERIOR-768x839.jpg 768w, https:\/\/hgec.pt\/site\/wp-content\/uploads\/2020\/07\/001-BRX-EXTERIOR-600x655.jpg 600w\" sizes=\"auto, (max-width: 824px) 100vw, 824px\" \/><\/a><figcaption>Rua de Bruxelas, Mindelo, Vila do Conde<\/figcaption><\/figure>\n<\/figure>\n\n\n\n<p><\/p>\n","protected":false},"excerpt":{"rendered":"","protected":false},"author":1,"featured_media":0,"parent":0,"menu_order":0,"comment_status":"closed","ping_status":"closed","template":"","meta":{"footnotes":""},"class_list":["post-2656","page","type-page","status-publish","hentry"],"_links":{"self":[{"href":"https:\/\/hgec.pt\/site\/wp-json\/wp\/v2\/pages\/2656","targetHints":{"allow":["GET"]}}],"collection":[{"href":"https:\/\/hgec.pt\/site\/wp-json\/wp\/v2\/pages"}],"about":[{"href":"https:\/\/hgec.pt\/site\/wp-json\/wp\/v2\/types\/page"}],"author":[{"embeddable":true,"href":"https:\/\/hgec.pt\/site\/wp-json\/wp\/v2\/users\/1"}],"replies":[{"embeddable":true,"href":"https:\/\/hgec.pt\/site\/wp-json\/wp\/v2\/comments?post=2656"}],"version-history":[{"count":6,"href":"https:\/\/hgec.pt\/site\/wp-json\/wp\/v2\/pages\/2656\/revisions"}],"predecessor-version":[{"id":2873,"href":"https:\/\/hgec.pt\/site\/wp-json\/wp\/v2\/pages\/2656\/revisions\/2873"}],"wp:attachment":[{"href":"https:\/\/hgec.pt\/site\/wp-json\/wp\/v2\/media?parent=2656"}],"curies":[{"name":"wp","href":"https:\/\/api.w.org\/{rel}","templated":true}]}}

Portefólio &#8211; Construção

<figure class="wp-block-gallery has-nested-images columns-default is-cropped wp-block-gallery-1 is-layout-flex wp-block-gallery-is-layout-flex">
<figure class="wp-block-image size-large"><a href="https://hgec.pt/site/obras/rua-salvada/"><img loading="lazy" decoding="async" width="772" height="868" data-id="2476" src="https://hgec.pt/site/wp-content/uploads/2022/01/001-SALV-EXTERIOR-1.jpg" alt="" class="wp-image-2476" srcset="https://hgec.pt/site/wp-content/uploads/2022/01/001-SALV-EXTERIOR-1.jpg 772w, https://hgec.pt/site/wp-content/uploads/2022/01/001-SALV-EXTERIOR-1-267x300.jpg 267w, https://hgec.pt/site/wp-content/uploads/2022/01/001-SALV-EXTERIOR-1-768x864.jpg 768w, https://hgec.pt/site/wp-content/uploads/2022/01/001-SALV-EXTERIOR-1-600x675.jpg 600w" sizes="auto, (max-width: 772px) 100vw, 772px" /></a><figcaption>Rua da Salvada, Aver-o-Mar, Póvoa de Varzim</figcaption></figure>



<figure class="wp-block-image size-large"><a href="https://hgec.pt/site/obras/andorinhas/"><img loading="lazy" decoding="async" width="900" height="900" data-id="2490" src="https://hgec.pt/site/wp-content/uploads/2022/01/005-ANDO-EXTERIOR.jpg" alt="" class="wp-image-2490" srcset="https://hgec.pt/site/wp-content/uploads/2022/01/005-ANDO-EXTERIOR.jpg 900w, https://hgec.pt/site/wp-content/uploads/2022/01/005-ANDO-EXTERIOR-300x300.jpg 300w, https://hgec.pt/site/wp-content/uploads/2022/01/005-ANDO-EXTERIOR-150x150.jpg 150w, https://hgec.pt/site/wp-content/uploads/2022/01/005-ANDO-EXTERIOR-768x768.jpg 768w, https://hgec.pt/site/wp-content/uploads/2022/01/005-ANDO-EXTERIOR-230x230.jpg 230w, https://hgec.pt/site/wp-content/uploads/2022/01/005-ANDO-EXTERIOR-400x400.jpg 400w, https://hgec.pt/site/wp-content/uploads/2022/01/005-ANDO-EXTERIOR-600x600.jpg 600w, https://hgec.pt/site/wp-content/uploads/2022/01/005-ANDO-EXTERIOR-640x640.jpg 640w, https://hgec.pt/site/wp-content/uploads/2022/01/005-ANDO-EXTERIOR-370x370.jpg 370w" sizes="auto, (max-width: 900px) 100vw, 900px" /></a><figcaption>Rua das Andorinhas, Ramalde, Porto</figcaption></figure>



<figure class="wp-block-image size-large"><a href="https://hgec.pt/site/obras/bruxelas/"><img loading="lazy" decoding="async" width="824" height="900" data-id="2495" src="https://hgec.pt/site/wp-content/uploads/2020/07/001-BRX-EXTERIOR.jpg" alt="" class="wp-image-2495" srcset="https://hgec.pt/site/wp-content/uploads/2020/07/001-BRX-EXTERIOR.jpg 824w, https://hgec.pt/site/wp-content/uploads/2020/07/001-BRX-EXTERIOR-275x300.jpg 275w, https://hgec.pt/site/wp-content/uploads/2020/07/001-BRX-EXTERIOR-768x839.jpg 768w, https://hgec.pt/site/wp-content/uploads/2020/07/001-BRX-EXTERIOR-600x655.jpg 600w" sizes="auto, (max-width: 824px) 100vw, 824px" /></a><figcaption>Rua de Bruxelas, Mindelo, Vila do Conde</figcaption></figure>
</figure>



<p></p>
